, 0 = f - 3*n - 38. Let a(p) = 22 - 54 - p + f. Calculate a(-12).
3
Suppose 5*j + 5 = -k, -19 + 44 = -5*k. Let v(t) = -t. What is v(j)?
0
Let h = 7 + -10. Let n(j) = -53*j**2 - 49*j**2 - 3 - 4*j + 179*j**2 + j**3 - 74*j**2. Calculate n(h).
9
Suppose 3*m = -3*n + 12, -5*n + 2*m + 13 = -0*m. Let d = 37 + -30. Let s(l) = l + n*l - d*l. What is s(-1)?
3
Let u(a) = -a**3 - 5*a**2 - 3*a - 4. Suppose -25 = -48*s + 53*s. Determine u(s).
11
Let y(h) = -h**3 - h**2 + h + 4. Let j = -8 + 8. Suppose z = 2 - j. Suppose -z*d + 0*d - 4*q = 12, 3*d = -3*q - 9. Give y(d).
4
Let h = 3 - -1. Suppose -h*z + 13 = -3. Let n(s) = -2*s**3 + 2*s. Let v(j) = 7*j**3 - 5*j**2 - 4*j + 1. Let b(f) = 3*n(f) + v(f). What is b(z)?
-7
Suppose 0 = s + s + 8. Let x be s/22 - 196/11. Let l be 81/x*(-4)/6. Let u(t) = t**3 - 3*t**2 - 3. Calculate u(l).
-3
Let d be (-17 - -13)/(4/(-2)). Let j(x) = 4*x**d - 13 + 13. Let l(q) = -q**3 - 9*q**2 + 9*q - 9. Let v be l(-10). Determine j(v).
4
Let a(q) be the second derivative of q**4/4 - 7*q**3/6 + 2*q**2 + 2*q - 19. Calculate a(4).
24
Let r(m) = 2*m**3 + 16*m**2 - 19*m - 7. Let d(o) = 11*o - 174. Let k be d(15). What is r(k)?
2
Let i(p) = 57 - 4*p + 59 - 115. What is i(2)?
-7
Let l(m) be the first derivative of m**3/2 - 2*m**2 + 2*m - 13. Let g(n) be the first derivative of l(n). Determine g(3).
5
Suppose 4*d + 14 = 5*k, 0 = -2*k - 2*d + 14 + 6. Let g(w) = -w**3 + 8*w**2 - 8*w - 4. Calculate g(k).
20
Let q(g) = -3*g**2 - 3*g + 2. Let h be 2/(-2 - -4) - 4. Give q(h).
-16
Let t(o) be the second derivative of 0*o**2 + 1/360*o**6 - 2/3*o**3 + 1/60*o**5 + 5*o - 1/12*o**4 + 0. Let b(k) be the second derivative of t(k). Give b(-4).
6
Let i(h) = h**2 + 8*h - 12. Suppose 0 = -z + j - 9, 4*j = 2*z + 15 + 1. Determine i(z).
8
Suppose 0 = -3*m + 8*m - 4*w - 90, -3*w = 4*m - 72. Let b = 28 - m. Let i be (6/10)/(2/b). Let x(y) = -y**3 + 3*y**2 + y + 4. Determine x(i).
7
Let c(g) = -5*g + 5. Let u be c(2). Let v = u - -3. Let a(n) = -n**2 - 2*n + 1. Give a(v).
1
Let w(x) = 7*x**3 + x**2 + x + 1. Let g(k) = k**3 + k**2 + 1. Let m(l) = -6*g(l) + w(l). Suppose -4*j - 2*d + 36 = 3*d, j + 16 = 5*d. What is m(j)?
-17
Let g = 174 + -178. Let s(n) = 2*n**2 + 3*n - 3. Determine s(g).
17
Let y(j) = -25 + 14 + 4*j + 15 - j. Calculate y(-3).
-5
Let f(j) = 93*j - 54*j - 48*j - 1 + 2. Give f(2).
-17
Let t(b) = -7*b**2 + 43*b - 3 - 2*b**3 - 43*b + 3*b**3. Calculate t(7).
-3
Let w = 1429 + -1421. Let s(u) = -4*u + 31. Give s(w).
-1
Let g(f) = -4*f**2 + 55*f - 176. Let p be g(5). Let k(w) be the second derivative of 2*w**3/3 - w**2/2 + w. What is k(p)?
-5
Let f = -80 + 78. Let z(q) be the second derivative of q**5/10 + q**4/6 - q**3/6 - q**2 - 9*q + 6. Calculate z(f).
-8
Let h(b) = -6*b - 16. Let p be h(-3). Let d(q) = 3*q**2 + 2 - 11*q**2 - q**2 + 8*q**p + 6*q. Calculate d(6).
2
Let s(f) = 6*f + 5*f + 0*f. Let m(v) be the second derivative of -143*v**3/6 - 20*v. Let n(u) = 6*m(u) + 77*s(u). Determine n(-1).
11
Let z(f) = 6 + 44*f**3 - 4*f**2 - f - 45*f**3 - 1. What is z(-4)?
9
Let t(s) be the third derivative of -s**5/60 + s**4/12 - 2*s**3/3 + 53*s**2. What is t(4)?
-12
Let g(q) = q**3 - 20*q**2 - 2*q + 39. Let y be (-1 - 6/(-4))/(36/1440). What is g(y)?
-1
Let z(i) = -i**3 + 4*i**2 + 1. Let s be -4 + (-3 - -4)*-2. Let c be 3/(s - -3) - -1. Suppose 4*g - 16 = -c*g. Calculate z(g).
1
Let b(g) be the third derivative of g**6/120 - g**5/12 + g**4/12 + 5*g**3/6 + 19*g**2 + 1. Calculate b(4).
-3
Let l(y) be the second derivative of -y**3/3 + 15*y**2/2 + 38*y + 2. What is l(-5)?
25
Let m = -22470 - -22466. Let a(n) be the third derivative of n**4/24 - n**3/2 - n**2. Determine a(m).
-7
Let g(o) = -103*o**2 - 24*o**3 - 1 + 102*o**2 + 2. What is g(1)?
-24
Let r(f) = f**2 - 4*f - 2. Let i(o) = -o**2 + 8*o + 3. Let y(g) = 3*i(g) + 5*r(g). Give y(-2).
-1
Let w(q) = -5*q**2 + 6*q + 50. Let o(a) = a**2 - a - 12. Let z(c) = 9*o(c) + 2*w(c). Calculate z(6).
-26
Let o(q) = -1 + q**2 - 2*q**3 - 10*q - 5*q + 16*q. Let a be o(0). Let d(y) = y. What is d(a)?
-1
Suppose -3*j = 3*m - 3, 1 = 3*j + 5*m + 2. Let n(h) = 3*h - 5 - 3*h**3 + 4*h**j - 4*h + 6*h**2. Give n(-6).
1
Let g(l) = l**3 - 6*l**2 + 3*l + 4. Suppose -o = -31 - 10. Let d = o - 25. Suppose -i = 2*c + c - 11, -4*i = d. What is g(c)?
-6
Let d = 127 + -122. Let p(f) = 4 - 1 + 53*f - 1 + f**3 + d*f**2 - 57*f. What is p(-6)?
-10
Let i(f) = 5*f**3 - f**2 + f - 2. Let d(k) = -11*k**3 + 3*k**2 - 2*k + 5. Let w(c) = -6*d(c) - 13*i(c). What is w(5)?
-9
Let c(a) = 6*a**3 + 10*a**2 - 5*a - 5. Let q be -4 - -8 - (-3)/(-1). Let d(r) = r**3 + r**2. Let g(n) = q*c(n) - 5*d(n). Give g(-6).
-11
Suppose 3*i + 0*i = -42. Suppose t + 2 = 11. Let k = t + i. Let b(v) = v**3 + 5*v**2 + 4. Determine b(k).
4
Let f = 2 - 1. Let h be f/3*(1 + 65). Let n(t) = 6*t + h - 18 - t. Determine n(-3).
-11
Suppose -3 = o, 15*y - 12*y - 4*o = 27. Let q(n) be the third derivative of -1/120*n**6 + 0*n + 1/3*n**3 + 2*n**2 + 0 + 1/12*n**4 - 1/30*n**y. Determine q(2).
-10
Let z(n) = -2*n**2 + 13*n + 2. Let t(c) = -c**2 + c. Let u(g) = 3*t(g) - z(g). Let f be u(-10). Let k(i) = -i**2 - 6*i - 3. Determine k(f).
5
Let k(g) = -g**2 - 5*g + 2. Let z be k(-5). Suppose 5 - 1 = -z*w. Let r(i) = -i. Let a(o) = -2*o - 1. Let s(v) = 3*a(v) - 3*r(v). Give s(w).
3
Suppose 5*f = -4*d + 5, -4*f - d + 5 = -10. Let k(j) be the second derivative of -j**4/12 + j**3 + j**2 - 12*j. Determine k(f).
7
Suppose 1139*j = 1148*j + 90. Let h(q) = 2*q - 12. Give h(j).
-32
Let f(v) = -5*v - 6. Suppose -18*c - 11 - 43 = 0. What is f(c)?
9
Let x(w) = 2*w + 26. Let g be x(-11). Let f be (-3 - -3)*g/4. Let i(t) = -t**3 - t**2. Calculate i(f).
0
Let y(r) = -r**3 - 3*r**2 + 4*r + 2. Let z(m) = 3*m**2 + m**3 + 3*m + 8*m**2 - 15*m**2 - 4. Let n be z(3). What is y(n)?
2
Suppose 50*j - 6 = 47*j. Let r(m) = -2*m + 2*m + j*m - 5*m. Calculate r(-3).
9
Let q(b) = -311*b**3 + 312*b**3 + 2 - 8*b**2 + b**2 - 2*b + 2. Calculate q(7).
-10
Suppose 5*w = 5*b - 35, -3*b + 4 = w + 3. Let m be (6/3*2)/2. Let z(k) = 5*k - k - k - m*k. What is z(w)?
-5
Let z(u) = -11*u - 7. Let h(l) = -6*l - 4. Let f(c) = 5*h(c) - 3*z(c). Let y(p) = -p. Let b(x) = -4*f(x) - 11*y(x). Give b(-4).
0
Let a(z) = 0*z**2 - 5*z**2 - 3*z**2 - 1. Let b(c) = -11*c - 122. Let w be b(-11). What is a(w)?
-9
Let h(j) = 1 + j**2 + 0*j**2 - 6*j + 1. Let r = -20 + 0. Let s = 25 + r. Give h(s).
-3
Let d(m) = m**2 - 3*m + 1. Suppose -n + 4*s + 4 + 1 = 0, -15 = -3*n + s. Suppose -n = p - 0. Let b be 4 - -1 - (-2 - p). Give d(b).
-1
Suppose 3*r = -4*l + l + 30, -2*r - 3*l = -17. Let p = -7 + r. Let k(x) = -x**2 + 4*x + 7. Let g be k(p). Let u(v) = -v**2 - 8*v - 4. Determine u(g).
11
Let u(q) = -2*q**2 + 3*q**2 + 12*q - 1002 + 995 - 6*q. Let p be 12/10*(-5)/(-1). Suppose -p = -2*i - 4*d, -2 = -2*i - 3*d - 1. Give u(i).
0
Let r(c) = 1 + 0*c**2 - 5*c + c**2 + 1. Let m be 216/16*2/3. Let l be (m/6)/((-3)/(-6)). Calculate r(l).
-4
Let c(z) = z**2 + 12*z - 21. Suppose 9*l + 9 + 117 = 0. What is c(l)?
7
Let x(m) = -m**2 - 18*m + 17*m - m**3 - 3*m**2 - 5*m + 10 - 4*m**2. Suppose h - 6*h - 75 = 0. Let q = h + 8. Calculate x(q).
3
Let h(m) = -m**3 + 9*m**2 - 9*m + 5. Let v(z) = -z**2 + z. Let g(f) = h(f) + 3*v(f). Calculate g(5).
0
Let r(v) = v. Let c(n) = 4*n - 19. Let h(a) = -c(a) + 5*r(a). Suppose 0*w + 11*w = -187. Let t be h(w). Let d(x) = 2*x + 1. Determine d(t).
5
Let c(x) = 31*x + 6 - 35*x + 3 - 14 + 0. Calculate c(3).
-17
Suppose -13*o + 25*o - 24 = 0. Let z(t) = 4 + 2*t - t + o*t. Give z(-4).
-8
Suppose 8 = -4*o - 12. Let p = 26 - 22. Let i(t) = -t**3 + p*t - 26 - 4*t**2 + 26. Determine i(o).
5
Let n(t) = t**3 - 2*t + 1. Let w(i) = -3*i**3 + 7*i - 3. Let k(q) = 7*n(q) + 2*w(q). Let d(v) = -12*v**2 - 260*v + 89. Let x be d(-22). What is k(x)?
2
Let f = -2104 - -2099. Let u(c) = 2*c + 3. Determine u(f).
-7
Let d(s) be the third derivative of s**4/12 + 3*s**3/2 + 2*s**2 + 4*s. Let w(t) = -3*t + 11. Let p be w(6). What is d(p)?
-5
Let q(b) be the first derivative of -b**6/360 + b**5/24 + 7*b**4/24 - 4*b**3/3 - 6. Let z(v) be the third derivative of q(v). Give z(5).
7
Suppose 3*l - 67 = -4*a, -7 = -2*l + a + 23. Let g(r) = r - 27. Give g(l).
-10
Let y(b) be the third derivative of b**5/60 + 7*b**4/12 + 2*b**3/3 + 36*b**2 + 2. Determine y(-10).
-36
Let a = 1923 - 19